{"id":891,"date":"2023-09-09T20:48:11","date_gmt":"2023-09-09T17:48:11","guid":{"rendered":"https:\/\/shop.visasconcept.com\/?post_type=product&#038;p=891"},"modified":"2023-09-09T20:50:59","modified_gmt":"2023-09-09T17:50:59","slug":"oktay-camur-ozel-siparis","status":"publish","type":"product","link":"https:\/\/shop.visasconcept.com\/index.php\/urun\/oktay-camur-ozel-siparis\/","title":{"rendered":"OKTAY \u00c7AMUR &#8211; \u00d6ZEL S\u0130PAR\u0130\u015e"},"content":{"rendered":"","protected":false},"excerpt":{"rendered":"<p>1-TEZGAH<\/p>\n<p>2-KAPAKLAR HIGH-GLOSS<\/p>\n<p>3-320cm V\u0130SAS MUTFAK DOLABI<\/p>\n","protected":false},"featured_media":599,"comment_status":"closed","ping_status":"closed","template":"","meta":[],"product_cat":[40],"product_tag":[],"class_list":["post-891","product","type-product","status-publish","has-post-thumbnail","hentry","product_cat-mutfak"],"_links":{"self":[{"href":"https:\/\/shop.visasconcept.com\/index.php\/wp-json\/wp\/v2\/product\/891","targetHints":{"allow":["GET"]}}],"collection":[{"href":"https:\/\/shop.visasconcept.com\/index.php\/wp-json\/wp\/v2\/product"}],"about":[{"href":"https:\/\/shop.visasconcept.com\/index.php\/wp-json\/wp\/v2\/types\/product"}],"replies":[{"embeddable":true,"href":"https:\/\/shop.visasconcept.com\/index.php\/wp-json\/wp\/v2\/comments?post=891"}],"wp:featuredmedia":[{"embeddable":true,"href":"https:\/\/shop.visasconcept.com\/index.php\/wp-json\/wp\/v2\/media\/599"}],"wp:attachment":[{"href":"https:\/\/shop.visasconcept.com\/index.php\/wp-json\/wp\/v2\/media?parent=891"}],"wp:term":[{"taxonomy":"product_cat","embeddable":true,"href":"https:\/\/shop.visasconcept.com\/index.php\/wp-json\/wp\/v2\/product_cat?post=891"},{"taxonomy":"product_tag","embeddable":true,"href":"https:\/\/shop.visasconcept.com\/index.php\/wp-json\/wp\/v2\/product_tag?post=891"}],"curies":[{"name":"wp","href":"https:\/\/api.w.org\/{rel}","templated":true}]}}